{"id":52,"date":"2023-07-02T19:07:18","date_gmt":"2023-07-02T17:07:18","guid":{"rendered":"https:\/\/gbe56.fr\/?page_id=52"},"modified":"2025-06-27T11:24:56","modified_gmt":"2025-06-27T09:24:56","slug":"tarifs","status":"publish","type":"page","link":"https:\/\/gbe56.fr\/index.php\/tarifs\/","title":{"rendered":"Tarifs"},"content":{"rendered":"\n<p class=\"has-blue-color has-text-color\"><strong><em>L\u2019adh\u00e9sion de base annuelle<\/em><\/strong> <strong><em>pour 1 heure d\u2019activit\u00e9 par semaine est de 140\u20ac<\/em><\/strong><em> <\/em><br><em>soit  4\u20ac \/heure.<\/em><\/p>\n\n\n\n<ul class=\"wp-block-list\">\n<li><em>La 1\u00e9re heure suppl\u00e9mentaire&nbsp;: +80\u20ac<\/em><\/li>\n\n\n\n<li><em>La 2\u00e9me heure suppl\u00e9mentaire&nbsp;: +50\u20ac<\/em><\/li>\n\n\n\n<li><em>La 3\u00e9me heure suppl\u00e9mentaire&nbsp;: +50\u20ac<\/em><\/li>\n<\/ul>\n\n\n\n<p><em>L\u2019adh\u00e9sion est annuelle pour 34 heures dans la saison (septembre \u00e0 fin juin). Il n\u2019y a pas de cours pendant les cong\u00e9s scolaires (calendrier scolaire du Morbihan) et jours f\u00e9ri\u00e9s.<\/em><\/p>\n\n\n\n<p class=\"has-blue-color has-text-color has-medium-font-size\"><strong>NOUS PRIVILEGIONS :<\/strong><\/p>\n\n\n\n<p>\u00b7Des professionnelles dipl\u00f4m\u00e9es exp\u00e9riment\u00e9es<br>\u00b7Des animatrices attentives aux progr\u00e8s de chacun<br>\u2022Des horaires adapt\u00e9s aux adh\u00e9rents en activit\u00e9<br>\u2022Des groupes \u00e0 taille humaine dans nos activit\u00e9s<\/p>\n\n\n\n<p class=\"has-blue-color has-text-color has-link-color wp-elements-d0ec24244325a4a952ce40ec728d8152\"><strong>MODALITES DE REGLEMENT :<\/strong><\/p>\n\n\n\n<p>Vous pouvez r\u00e9gler votre adh\u00e9sion :<\/p>\n\n\n\n<ul class=\"wp-block-list\">\n<li>Esp\u00e8ces<\/li>\n\n\n\n<li>Ch\u00e8que comptant<\/li>\n\n\n\n<li>Ch\u00e8que en trois ou quatre versement<\/li>\n\n\n\n<li>Virement bancaire (mode privil\u00e9gi\u00e9) : <a href=\"https:\/\/gbe56.fr\/wp-content\/uploads\/2023\/07\/RIBCredit_Agricole.pdf\" data-type=\"attachment\" data-id=\"156\" target=\"_blank\" rel=\"noreferrer noopener\">Notre RIB bancaire<\/a><\/li>\n<\/ul>\n\n\n\n<p>Si besoin nous pouvons vous fournir une facture d&rsquo;adh\u00e9sion.<\/p>\n\n\n\n<p class=\"has-blue-color has-text-color has-link-color has-medium-font-size wp-elements-9e7673f182e7f3766dca35b49cd1260b\"><strong>ESSAYER C&rsquo;EST L&rsquo;ADOPTER<\/strong><\/p>\n\n\n\n<p>Nous vous proposons de venir essayer une de nos activit\u00e9s \u00e0 la rentr\u00e9e.<br><strong><em>Nous reprenons nos activit\u00e9s le Mardi 16 septembre <\/em><\/strong>(voir <a href=\"https:\/\/gbe56.fr\/index.php\/horaires-2024-2025\/\" data-type=\"page\" data-id=\"441\" target=\"_blank\" rel=\"noreferrer noopener\">nos horaires<\/a>).<\/p>\n\n\n\n<p><br><\/p>\n","protected":false},"excerpt":{"rendered":"<p>L\u2019adh\u00e9sion de base annuelle pour 1 heure d\u2019activit\u00e9 par semaine est de 140\u20ac soit 4\u20ac \/heure. L\u2019adh\u00e9sion est annuelle pour 34 heures dans la saison (septembre \u00e0 fin juin). Il n\u2019y a pas de cours pendant les cong\u00e9s scolaires (calendrier scolaire du Morbihan) et jours f\u00e9ri\u00e9s. NOUS PRIVILEGIONS : \u00b7Des professionnelles dipl\u00f4m\u00e9es exp\u00e9riment\u00e9es\u00b7Des animatrices attentives [&hellip;]<\/p>\n","protected":false},"author":1,"featured_media":0,"parent":0,"menu_order":0,"comment_status":"closed","ping_status":"closed","template":"","meta":{"footnotes":""},"class_list":["post-52","page","type-page","status-publish","hentry"],"_links":{"self":[{"href":"https:\/\/gbe56.fr\/index.php\/wp-json\/wp\/v2\/pages\/52","targetHints":{"allow":["GET"]}}],"collection":[{"href":"https:\/\/gbe56.fr\/index.php\/wp-json\/wp\/v2\/pages"}],"about":[{"href":"https:\/\/gbe56.fr\/index.php\/wp-json\/wp\/v2\/types\/page"}],"author":[{"embeddable":true,"href":"https:\/\/gbe56.fr\/index.php\/wp-json\/wp\/v2\/users\/1"}],"replies":[{"embeddable":true,"href":"https:\/\/gbe56.fr\/index.php\/wp-json\/wp\/v2\/comments?post=52"}],"version-history":[{"count":6,"href":"https:\/\/gbe56.fr\/index.php\/wp-json\/wp\/v2\/pages\/52\/revisions"}],"predecessor-version":[{"id":540,"href":"https:\/\/gbe56.fr\/index.php\/wp-json\/wp\/v2\/pages\/52\/revisions\/540"}],"wp:attachment":[{"href":"https:\/\/gbe56.fr\/index.php\/wp-json\/wp\/v2\/media?parent=52"}],"curies":[{"name":"wp","href":"https:\/\/api.w.org\/{rel}","templated":true}]}}