{"id":26,"date":"2023-07-01T20:31:28","date_gmt":"2023-07-01T18:31:28","guid":{"rendered":"https:\/\/gbe56.fr\/?page_id=26"},"modified":"2025-07-02T18:16:41","modified_gmt":"2025-07-02T16:16:41","slug":"adhesion-2023-2024","status":"publish","type":"page","link":"https:\/\/gbe56.fr\/index.php\/adhesion-2023-2024\/","title":{"rendered":"Adh\u00e9sion 2025\/2026"},"content":{"rendered":"\n<p class=\"has-text-align-center\"><strong>Actualis\u00e9e le 27 juin 2025<\/strong><\/p>\n\n\n\n<p>Avant de commencer \u00e0 vous inscrire pour adh\u00e9rer \u00e0 notre association, merci de prendre connaissance :<\/p>\n\n\n\n<p class=\"has-blue-color has-text-color has-link-color wp-elements-74e1833727cd63375e7acb9f87715f00\"><a href=\"http:\/\/gbe56.fr\/wp-content\/uploads\/2024\/07\/Statuts2023_2024web.pdf\" target=\"_blank\" rel=\"noreferrer noopener\">Des statuts de notre association<\/a> <br><a href=\"http:\/\/gbe56.fr\/wp-content\/uploads\/2025\/06\/RI2025_2026.pdf\" target=\"_blank\" rel=\"noreferrer noopener\">De notre r\u00e8glement int\u00e9rieur<\/a> <br><a href=\"https:\/\/gbe56.fr\/index.php\/tarifs\/\" data-type=\"page\" data-id=\"52\" target=\"_blank\" rel=\"noreferrer noopener\">De nos tarifs annuels<\/a><br><a href=\"https:\/\/gbe56.fr\/index.php\/horaires-2024-2025\/\" data-type=\"page\" data-id=\"441\" target=\"_blank\" rel=\"noreferrer noopener\">Des horaires de nos activit\u00e9s<\/a><\/p>\n\n\n\n<p class=\"has-medium-font-size\"><strong><a href=\"https:\/\/gbe56.fr\/index.php\/adhesion-en-ligne\/\" data-type=\"page\" data-id=\"456\" target=\"_blank\" rel=\"noreferrer noopener\">Vous pouvez vous inscrire en ligne <\/a><\/strong><br>(aucun r\u00e8glement bancaire en ligne ne vous sera demand\u00e9)<br><\/p>\n\n\n\n<p>Vous pouvez aussi t\u00e9l\u00e9charger notre <a href=\"https:\/\/gbe56.fr\/wp-content\/uploads\/2025\/06\/Formulaire-Adhesion-2025-2026.pdf\" data-type=\"attachment\" data-id=\"556\" target=\"_blank\" rel=\"noreferrer noopener\">formulaire d&rsquo;inscription<\/a> <strong>ET <\/strong>le <a href=\"https:\/\/gbe56.fr\/wp-content\/uploads\/2023\/07\/cerfa_15699-01.pdf\" data-type=\"attachment\" data-id=\"27\" target=\"_blank\" rel=\"noreferrer noopener\">formulaire de sant\u00e9<\/a>.<\/p>\n\n\n\n<p>Suite \u00e0 l\u2019adoption d\u00e9finitive par l\u2019Assembl\u00e9e nationale de la proposition de loi du 2 mars 2022 visant \u00e0 d\u00e9mocratiser le Sport, l\u2019acc\u00e8s aux clubs sportifs par les pratiquants est facilit\u00e9 en&nbsp;<strong>supprimant l\u2019obligation de pr\u00e9senter un certificat m\u00e9dical pour les majeurs<\/strong>&nbsp;, mais vous devez imp\u00e9rativement remplir le questionnaire de sant\u00e9 que vous pouvez compl\u00e9ter en ligne ici  : <a href=\"https:\/\/gbe56.fr\/index.php\/questionnaire-qs-sport\/\" data-type=\"page\" data-id=\"147\" target=\"_blank\" rel=\"noreferrer noopener\">Formulaire sant\u00e9 pour adultes<\/a><\/p>\n\n\n\n<p>Vous pouvez ensuite envoyer votre dossier d&rsquo;inscription par <a href=\"gym.bien.etre56@gmail.com\" data-type=\"link\" data-id=\"gym.bien.etre56@gmail.com\">mail<\/a>.<br><\/p>\n\n\n\n<p>MERCI !<br><\/p>\n\n\n\n<p><\/p>\n\n\n\n<p><\/p>\n\n\n\n<p><\/p>\n","protected":false},"excerpt":{"rendered":"<p>Actualis\u00e9e le 27 juin 2025 Avant de commencer \u00e0 vous inscrire pour adh\u00e9rer \u00e0 notre association, merci de prendre connaissance : Des statuts de notre association De notre r\u00e8glement int\u00e9rieur De nos tarifs annuelsDes horaires de nos activit\u00e9s Vous pouvez vous inscrire en ligne (aucun r\u00e8glement bancaire en ligne ne vous sera demand\u00e9) Vous pouvez [&hellip;]<\/p>\n","protected":false},"author":1,"featured_media":0,"parent":0,"menu_order":0,"comment_status":"closed","ping_status":"closed","template":"","meta":{"footnotes":""},"class_list":["post-26","page","type-page","status-publish","hentry"],"_links":{"self":[{"href":"https:\/\/gbe56.fr\/index.php\/wp-json\/wp\/v2\/pages\/26","targetHints":{"allow":["GET"]}}],"collection":[{"href":"https:\/\/gbe56.fr\/index.php\/wp-json\/wp\/v2\/pages"}],"about":[{"href":"https:\/\/gbe56.fr\/index.php\/wp-json\/wp\/v2\/types\/page"}],"author":[{"embeddable":true,"href":"https:\/\/gbe56.fr\/index.php\/wp-json\/wp\/v2\/users\/1"}],"replies":[{"embeddable":true,"href":"https:\/\/gbe56.fr\/index.php\/wp-json\/wp\/v2\/comments?post=26"}],"version-history":[{"count":20,"href":"https:\/\/gbe56.fr\/index.php\/wp-json\/wp\/v2\/pages\/26\/revisions"}],"predecessor-version":[{"id":591,"href":"https:\/\/gbe56.fr\/index.php\/wp-json\/wp\/v2\/pages\/26\/revisions\/591"}],"wp:attachment":[{"href":"https:\/\/gbe56.fr\/index.php\/wp-json\/wp\/v2\/media?parent=26"}],"curies":[{"name":"wp","href":"https:\/\/api.w.org\/{rel}","templated":true}]}}